5*g - 53 = 0. Let u(f) = -5*f + 3 + f**2 - f + 0. Calculate the remainder when 27 is divided by u(v).
7
Let c be 22/(-77)*(8 + -1). Calculate the remainder when 25 is divided by -2*c/(-16) - 371/(-28).
12
Suppose -46 + 154 = 6*o. What is the remainder when 4*((-226)/(-8) - 2) is divided by o?
15
Suppose -3*x + 2*f + 176 = -740, 5*x - 1510 = -5*f. Calculate the remainder when x is divided by 103.
98
Suppose 3*r = 8*r - 75. Calculate the remainder when (-5)/(-30)*3 - (-115)/2 is divided by r.
13
Let o = -11 - -17. What is the remainder when ((-90)/(-12))/(1/2) is divided by o?
3
Let v(z) = -z**3 + 8*z**2 - 3*z + 4. Let d(m) = 2*m**3 - 9*m**2 + 6*m - 3. Let n be d(4). What is the remainder when v(n) is divided by 23?
18
Suppose -5*n + k + 47 = -0*n, -n + 7 = -k. What is the remainder when n is divided by 3/12 - (-23)/4?
4
Let k(f) = -2*f**2 + 91*f + 148. Let m(u) be the second derivative of u**5/20 - u**3/2 + u**2 - 2*u. What is the remainder when k(47) is divided by m(2)?
3
Let o(n) = -n**2 - 18. Let m be o(0). Let i = 21 + m. What is the remainder when 11 is divided by i?
2
Let u = 12 - 12. Suppose u = -3*d - 2*d. Suppose 4*c + 192 = 4*k, d = -c + 1 - 6. Calculate the remainder when k is divided by 15.
13
Let d(i) = -i**3 - 17*i**2 + i + 19. Let k be d(-17). Suppose k*u - u = 2*p - 59, u - 61 = -2*p. What is the remainder when 56 is divided by p?
26
Let v = 15 + -8. Suppose -33 = v*t - 8*t. Calculate the remainder when t is divided by 18.
15
Suppose 31*d - 11*d - 180 = 0. Calculate the remainder when 18 is divided by d.
0
Let u(v) = 9 + 2*v + 6*v - 19 - v**2. Calculate the remainder when 14 is divided by u(4).
2
Let n = 29 + -85. What is the remainder when (3612/n)/((-6)/8) is divided by 22?
20
Suppose 0 = 2*p + p - 126. Let o(j) be the first derivative of -2*j**2 + 10*j - 18. What is the remainder when p is divided by o(-3)?
20
Let t = -39 + 55. Suppose v - 6 + 3 = 0. Suppose v*m + j = -2*m + 229, -4*m + 2*j = -186. What is the remainder when m is divided by t?
14
Let r = 32 - 19. Suppose -49 + r = -4*w. Suppose -d - 3*p = -44, 2*d + 3*p = -0*d + 79. What is the remainder when d is divided by w?
8
Let h be (15/(-6))/(-5)*0. Suppose -2*v = i - 11, h*v + 2*i + 32 = 5*v. Calculate the remainder when (-2 - 5)/((-1)/3) is divided by v.
3
Calculate the remainder when 99 is divided by -10*(-1)/(-3)*-6.
19
Suppose -4*p + 3*z = -4616, 0 = 3*p - 7*z + 9*z - 3479. Calculate the remainder when p is divided by 29.
26
What is the remainder when 415 is divided by (6/4)/((-48)/(-704))?
19
Suppose 4*x + 6 = -10, 0 = 5*v + 5*x - 1370. What is the remainder when v is divided by 5?
3
Let u be 2/6 - (-2090)/30. Suppose 0 + u = 5*b. Calculate the remainder when 80 is divided by b.
10
Let u = 20 + -18. Suppose 0 = -d - 0 + u. Suppose -12 = -d*c - 2*c. Calculate the remainder when 10 is divided by c.
1
Suppose -4*z + 5*i + 383 = -580, 5*z - 4*i = 1206. Calculate the remainder when z is divided by 35.
32
Let n = -1297 - -1313. What is the remainder when n is divided by 7?
2
Let l be 164 + (5 + -1 - 3). Suppose -o = 43 - l. Suppose -o - 108 = -5*p. Calculate the remainder when p is divided by 12.
10
Suppose 3*u - 5*g + 365 = 0, 3*u + 148 = 3*g - 215. Let a = 185 + u. Suppose -3*x + 7 = -44. Calculate the remainder when a is divided by x.
14
Calculate the remainder when 38/285 - (-4633)/15 is divided by 78.
75
Calculate the remainder when 247 is divided by -9 - 1 - (-146 - -78).
15
Let s(u) = -u + 1. Let n(v) = v**3 + 26*v**2 + 103*v - 20. What is the remainder when n(-21) is divided by s(-5)?
4
Let j(w) = -51*w + 5 - 57*w + 109*w. What is the remainder when 8 is divided by j(0)?
3
Let k = -26 + 67. Calculate the remainder when k is divided by 16.
9
Suppose -3*o - h - 2*h + 60 = 0, 2*o + 4*h - 46 = 0. Let f = 48 - o. Calculate the remainder when f is divided by 17.
14
Let b = 17 - 15. Suppose 0*q + a - 38 = -b*q, -3*q + 57 = -2*a. Calculate the remainder when 36 is divided by q.
17
Let i = -99 + 212. Let v = -94 + 132. What is the remainder when i is divided by v?
37
Suppose w + 26 = -2*r - 35, 5*r = 2*w + 158. Let z = -68 - w. What is the remainder when 11 is divided by z?
0
Calculate the remainder when (-14)/(-7) - 17*-6 is divided by 53.
51
Calculate the remainder when 12/(-234)*3 + 864/39 is divided by 11 - (3 - 5)*1.
9
Let a = -8 + 68. Let i(j) = 51*j - 494. Calculate the remainder when a is divided by i(10).
12
Let s(a) = 19*a**2 - 3*a + 2. Let g be s(2). Suppose 2*v - 14 = -b - 0*v, 3*b - 5*v = -2. What is the remainder when g/((-20)/(-5)) - 3 is divided by b?
3
Let m = 275 - 233. What is the remainder when 838 is divided by m?
40
Suppose 116*r = 9200 + 25484. What is the remainder when r is divided by 150?
149
Let m = -24 + 29. Suppose m*j = -2*l + 113, -3*l + 6 = j - 14. Calculate the remainder when j is divided by 17.
6
Let w(i) = 3*i**2 - 6*i - 1. Suppose -2*h - h = -9, 3*v - 5*h = 6. Let b be w(v). Suppose b = q + q. What is the remainder when q is divided by 27?
25
Let j(k) = -k**3 - 21*k**2 - 20*k + 19. Let z(s) = 2*s**2 - 2*s + 1. What is the remainder when z(-7) is divided by j(-20)?
18
Suppose -3*s = -9*s + 42. Suppose 3*r + 84 = 3*i, -4*i + 3*r + 71 = -39. Calculate the remainder when i is divided by s.
5
Let k(m) be the second derivative of 3/20*m**5 - 4*m - 1/4*m**4 + 0 - 1/2*m**2 - 1/2*m**3. What is the remainder when k(3) is divided by 15?
14
Suppose 0 = -5*q - o - 6 - 8, -10 = 4*q + 2*o. Let g be 1/(q + 10/3). Suppose s - 11 = 2*i, 3*i = -5*s + 58 - g. What is the remainder when 20 is divided by s?
9
Suppose f - 61 = -5*v, -f - 5*v = f - 122. Let y = f + -25. Let i = -5 + 15. Calculate the remainder when y is divided by i.
6
Suppose 6*s + 44 = -10. Let l = 14 + -1. Calculate the remainder when l is divided by (s/(-6))/((-6)/(-32)).
5
Suppose -3*n = -n - 28. Let h = -3 + n. Let d(w) = -w**2 + 27*w - 18. Calculate the remainder when d(25) is divided by h.
10
Suppose x + 2*v - 1 = -2*v, 2 = -v. Suppose -2 = 5*i - 67. Calculate the remainder when i is divided by x.
4
Let q(u) = -12*u + 456. What is the remainder when 1150 is divided by q(36)?
22
What is the remainder when 49 is divided by (-420)/(-112) - 2/(-8)?
1
Suppose 39 = 2*b + b. Calculate the remainder when 47300/1540 - 2/(-7) is divided by b.
5
Suppose -9*i - 9*i - 1422 = 0. Let r = 121 + i. What is the remainder when 161 is divided by r?
35
Let x(g) = -g + 152. What is the remainder when x(22) is divided by 69?
61
Let z = 50 - 50. Suppose 5*g - g = 3*w - 112, z = -3*w + 5*g + 113. What is the remainder when w is divided by 13?
10
Suppose -3*t = -t - 10. Suppose 2*k - m - 7 = -6*m, 0 = t*k - 4*m - 67. Suppose -11*c = -6*c - 155. Calculate the remainder when c is divided by k.
9
Let q = -165 - -13. Let n = q - -160. What is the remainder when 22 is divided by n?
6
Let u(s) = s**3 - 19*s**2 + 4*s - 4. Let w be u(19). Let m = w + -44. Calculate the remainder when 105 is divided by m.
21
Let z = 601 + -587. What is the remainder when 500 is divided by z?
10
Let g = -6 + 14. What is the remainder when -4*14*(-5)/20 - 0 is divided by g?
6
Let k(w) = -19*w - 32*w**2 - 4 + 56*w**2 - 25*w**2. What is the remainder when k(-9) is divided by 29?
28
Suppose -2*i = 1 - 3. Suppose 199 = 5*q - 3*s + 176, 0 = -5*q + 4*s + 24. What is the remainder when q is divided by i?
0
Let a = -201 - -245. Calculate the remainder when a is divided by 5.
4
Suppose -5*z = 5*m, 3*z - 2*m = -2*z. Suppose 4*c - 76 + 20 = z. Suppose 3*o - 6 = -15, -37 = -y + 4*o. What is the remainder when y is divided by c?
11
Let k = 171 + -156. Let i = 5 - 5. What is the remainder when 1 + 28 + (i - 1) is divided by k?
13
Suppose -m = -2*n - 62, -5*m + 17*n = 14*n - 317. What is the remainder when m is divided by 17/3 - (-2)/6?
4
Let m(f) = -5*f - 3. Suppose -5*s - 1 = -3*u, 0 = -3*u + 2*u - s + 11. Calculate the remainder when m(-4) is divided by u.
3
Suppose i - 3 = -3*k, 4*i + 5*k - 5 = -0*i. Suppose i = 3*n - d - 37, -2*n - 3*d + 21 = n. What is the remainder when 29 is divided by n?
7
Let b = 39 + 49. What is the remainder when 525 is divided by b?
85
Suppose -24*u = -18130 + 6178. What is the remainder when u is divided by 39?
30
Let l(h) = -5*h**2 - 56*h - 10. What is the remainder when 241 is divided by l(-10)?
41
Suppose -4*j - 